{"id":2117,"date":"2025-04-02T23:53:39","date_gmt":"2025-04-02T21:53:39","guid":{"rendered":"https:\/\/animadellapianta.com\/?product=rose-infusion-q10-serum"},"modified":"2025-08-27T00:13:16","modified_gmt":"2025-08-26T22:13:16","slug":"rose-infusion-q10-serum","status":"publish","type":"product","link":"https:\/\/animadellapianta.com\/?product=rose-infusion-q10-serum","title":{"rendered":"Rose Infusion Q10 Serum"},"content":{"rendered":"<h4><strong>Serum facial hidratante con hidrolato de rosas, aloe vera y niacinamida. Adem\u00e1s de coenzima q10 y \u00e1cido hialur\u00f3nico liposomado. <\/strong><\/h4>\n<h6><strong>El hidrolato de rosas es antioxidante e antiinflamatorio, calmando la piel con acn\u00e9, enrojecimiento, ros\u00e1cea y piel sensible. <\/strong><\/h6>\n<h6><strong>La niacinamida estimula la renovaci\u00f3n celular y es capaz de disminuir arrugas y manchas de pigmentaci\u00f3n. <\/strong><\/h6>\n<h6><strong>La coenzima Q10 encapsulada en liposomas penetra a las capas m\u00e1s profundas ralentizando el proceso de envejecimiento de la piel. <\/strong><\/h6>\n<h6><strong>El \u00e1cido hialur\u00f3nico es uno de los agentes hidratantes m\u00e1s eficaces, aporta firmeza y elasticidad a la piel. <\/strong><\/h6>\n<h4><strong><\/strong><\/h4>\n<p><strong>50ml<\/strong><\/p>\n","protected":false},"excerpt":{"rendered":"<p>Serum facial hidratante con hidrolato de rosas, aloe vera y niacinamida. Adem\u00e1s de coenzima q10 y \u00e1cido hialur\u00f3nico liposomado. El hidrolato de rosas es antioxidante e antiinflamatorio, calmando la piel con acn\u00e9, enrojecimiento, ros\u00e1cea y piel sensible. La niacinamida estimula la renovaci\u00f3n celular y es capaz de disminuir arrugas y manchas de pigmentaci\u00f3n. La coenzima [&hellip;]<\/p>\n","protected":false},"featured_media":2142,"comment_status":"open","ping_status":"closed","template":"","meta":{"site-sidebar-layout":"default","site-content-layout":"","ast-site-content-layout":"default","site-content-style":"default","site-sidebar-style":"default","ast-global-header-display":"","ast-banner-title-visibility":"","ast-main-header-display":"","ast-hfb-above-header-display":"","ast-hfb-below-header-display":"","ast-hfb-mobile-header-display":"","site-post-title":"","ast-breadcrumbs-content":"","ast-featured-img":"","footer-sml-layout":"","ast-disable-related-posts":"","theme-transparent-header-meta":"default","adv-header-id-meta":"","stick-header-meta":"","header-above-stick-meta":"","header-main-stick-meta":"","header-below-stick-meta":"","astra-migrate-meta-layouts":"set","ast-page-background-enabled":"default","ast-page-background-meta":{"desktop":{"background-color":"","background-image":"","background-repeat":"repeat","background-position":"center center","background-size":"auto","background-attachment":"scroll","background-type":"","background-media":"","overlay-type":"","overlay-color":"","overlay-opacity":"","overlay-gradient":""},"tablet":{"background-color":"","background-image":"","background-repeat":"repeat","background-position":"center center","background-size":"auto","background-attachment":"scroll","background-type":"","background-media":"","overlay-type":"","overlay-color":"","overlay-opacity":"","overlay-gradient":""},"mobile":{"background-color":"","background-image":"","background-repeat":"repeat","background-position":"center center","background-size":"auto","background-attachment":"scroll","background-type":"","background-media":"","overlay-type":"","overlay-color":"","overlay-opacity":"","overlay-gradient":""}},"ast-content-background-meta":{"desktop":{"background-color":"var(--ast-global-color-5)","background-image":"","background-repeat":"repeat","background-position":"center center","background-size":"auto","background-attachment":"scroll","background-type":"","background-media":"","overlay-type":"","overlay-color":"","overlay-opacity":"","overlay-gradient":""},"tablet":{"background-color":"var(--ast-global-color-5)","background-image":"","background-repeat":"repeat","background-position":"center center","background-size":"auto","background-attachment":"scroll","background-type":"","background-media":"","overlay-type":"","overlay-color":"","overlay-opacity":"","overlay-gradient":""},"mobile":{"background-color":"var(--ast-global-color-5)","background-image":"","background-repeat":"repeat","background-position":"center center","background-size":"auto","background-attachment":"scroll","background-type":"","background-media":"","overlay-type":"","overlay-color":"","overlay-opacity":"","overlay-gradient":""}}},"product_brand":[],"product_cat":[27],"product_tag":[],"class_list":{"0":"post-2117","1":"product","2":"type-product","3":"status-publish","4":"has-post-thumbnail","6":"product_cat-facial","7":"desktop-align-center","8":"tablet-align-left","9":"mobile-align-left","11":"first","12":"instock","13":"featured","14":"shipping-taxable","15":"purchasable","16":"product-type-simple"},"_links":{"self":[{"href":"https:\/\/animadellapianta.com\/index.php?rest_route=\/wp\/v2\/product\/2117","targetHints":{"allow":["GET"]}}],"collection":[{"href":"https:\/\/animadellapianta.com\/index.php?rest_route=\/wp\/v2\/product"}],"about":[{"href":"https:\/\/animadellapianta.com\/index.php?rest_route=\/wp\/v2\/types\/product"}],"replies":[{"embeddable":true,"href":"https:\/\/animadellapianta.com\/index.php?rest_route=%2Fwp%2Fv2%2Fcomments&post=2117"}],"wp:featuredmedia":[{"embeddable":true,"href":"https:\/\/animadellapianta.com\/index.php?rest_route=\/wp\/v2\/media\/2142"}],"wp:attachment":[{"href":"https:\/\/animadellapianta.com\/index.php?rest_route=%2Fwp%2Fv2%2Fmedia&parent=2117"}],"wp:term":[{"taxonomy":"product_brand","embeddable":true,"href":"https:\/\/animadellapianta.com\/index.php?rest_route=%2Fwp%2Fv2%2Fproduct_brand&post=2117"},{"taxonomy":"product_cat","embeddable":true,"href":"https:\/\/animadellapianta.com\/index.php?rest_route=%2Fwp%2Fv2%2Fproduct_cat&post=2117"},{"taxonomy":"product_tag","embeddable":true,"href":"https:\/\/animadellapianta.com\/index.php?rest_route=%2Fwp%2Fv2%2Fproduct_tag&post=2117"}],"curies":[{"name":"wp","href":"https:\/\/api.w.org\/{rel}","templated":true}]}}